isor of 1296 and 852?
12
Calculate the highest common divisor of 4392 and 121392.
72
Calculate the greatest common factor of 1420 and 13632.
284
What is the greatest common divisor of 92752 and 128?
16
Calculate the greatest common factor of 65395 and 580.
145
Calculate the greatest common divisor of 112 and 7984.
16
Calculate the highest common divisor of 10296 and 440.
88
Calculate the greatest common divisor of 189 and 148197.
21
Calculate the greatest common factor of 416 and 928.
32
What is the highest common factor of 1377 and 86292?
459
Calculate the highest common divisor of 35 and 134265.
5
What is the greatest common divisor of 100028 and 1836?
68
Calculate the greatest common factor of 13 and 290966.
13
What is the highest common factor of 237127 and 11?
11
What is the greatest common factor of 1620 and 697410?
810
What is the highest common factor of 4152 and 64392?
24
What is the greatest common divisor of 558 and 390538?
62
What is the highest common factor of 3151690 and 142?
142
What is the greatest common factor of 18 and 55206?
18
What is the highest common divisor of 16851 and 15?
3
What is the greatest common divisor of 2071412 and 5684?
812
What is the greatest common divisor of 63846 and 36?
18
What is the highest common divisor of 1393080 and 520?
520
Calculate the greatest common divisor of 11 and 1387.
1
Calculate the highest common divisor of 328 and 75522.
82
Calculate the greatest common divisor of 6470 and 1706786.
1294
Calculate the greatest common factor of 213083 and 12987.
481
Calculate the greatest common divisor of 178 and 147918.
178
What is the greatest common divisor of 98 and 3534419?
49
What is the greatest common factor of 243770 and 76?
38
Calculate the greatest common factor of 18885 and 4065.
15
What is the highest common factor of 39445 and 35?
35
What is the highest common factor of 49 and 11046?
7
What is the greatest common divisor of 229564 and 928?
116
What is the greatest common factor of 88 and 408?
8
Calculate the highest common divisor of 903370 and 1690.
130
What is the greatest common factor of 156 and 136422?
78
Calculate the highest common divisor of 256 and 240.
16
What is the highest common divisor of 1070 and 3316465?
535
What is the highest common factor of 12144 and 2288?
176
Calculate the highest common factor of 67159 and 6692.
239
What is the greatest common divisor of 638 and 4408?
58
What is the highest common divisor of 124848 and 10?
2
What is the highest common factor of 23313 and 3021?
57
What is the greatest common divisor of 7412 and 1292?
68
Calculate the highest common factor of 803 and 19811.
11
What is the greatest common factor of 3 and 6627?
3
Calculate the greatest common divisor of 69917 and 695.
139
What is the highest common factor of 5328 and 41472?
144
Calculate the highest common divisor of 100 and 2781700.
100
What is the highest common factor of 58 and 255867?
29
Calculate the greatest common divisor of 1341 and 63.
9
Calculate the highest common factor of 78 and 1122.
6
Calculate the greatest common factor of 43200 and 850.
50
Calculate the greatest common factor of 132790 and 980.
490
Calculate the highest common factor of 21 and 21588.
21
What is the greatest common divisor of 1512 and 61432?
56
Calculate the greatest common divisor of 777 and 798.
21
Calculate the highest common factor of 23550 and 4250.
50
Calculate the greatest common factor of 578 and 1338648.
578
Calculate the highest common divisor of 1397385 and 165.
165
Calculate the greatest common factor of 575 and 64630.
115
What is the highest common factor of 851 and 925037?
851
What is the highest common divisor of 7930 and 27206?
122
Calculate the greatest common factor of 4064 and 944.
16
Calculate the greatest common factor of 52 and 3562052.
52
What is the greatest common factor of 286 and 3575?
143
Calculate the highest common divisor of 317896 and 3318.
158
Calculate the highest common divisor of 12117 and 63.
21
What is the greatest common factor of 4671 and 197393?
173
What is the greatest common divisor of 3255 and 114545?
155
What is the highest common factor of 233721 and 45?
9
Calculate the greatest common factor of 323284 and 28.
4
What is the highest common divisor of 4 and 1606?
2
Calculate the greatest common factor of 28 and 1708.
28
Calculate the highest common divisor of 1617 and 605297.
539
Calculate the greatest common factor of 1656 and 1191492.
828
What is the highest common divisor of 26379 and 3591?
27
Calculate the highest common divisor of 750 and 12150.
150
What is the highest common factor of 1416 and 250986?
354
Calculate the greatest common divisor of 455813 and 808.
101
What is the greatest common divisor of 101 and 505909?
101
What is the highest common factor of 5488 and 464?
16
Calculate the greatest common divisor of 63 and 864024.
21
What is the highest common divisor of 86016 and 105?
21
Calculate the highest common divisor of 2072 and 128982.
518
What is the greatest common divisor of 340 and 13617?
17
What is the highest common factor of 310 and 1718485?
155
Calculate the greatest common divisor of 630126 and 189.
189
What is the greatest common divisor of 159 and 2354790?
159
What is the greatest common factor of 8072 and 56?
8
What is the highest common divisor of 12740 and 4700?
20
Calculate the highest common divisor of 846 and 41642.
94
What is the highest common factor of 55 and 14333?
11
What is the greatest common factor of 45 and 19500?
15
What is the greatest common factor of 6802763 and 913?
913
What is the greatest common factor of 87 and 29383989?
87
What is the highest common factor of 200 and 91800?
200
What is the highest common divisor of 10 and 45765?
5
Calculate the highest common factor of 4 and 5464136.
4
What is the highest common factor of 1116 and 36918?
18
Calculate the highest common divisor of 29 and 161472.
29
Calculate the highest common divisor of 65 and 307957.
13
Calculate the highest common divisor of 24591 and 168.
21
Calculate the greatest common factor of 321651 and 72.
9
What is the greatest common factor of 9220 and 4240?
20
What is the greatest common factor of 19744 and 1312?
32
What is the greatest common divisor of 944832 and 1680?
336
What is the highest common factor of 173 and 160025?
173
What is the greatest common factor of 91194 and 66?
6
Calculate the highest common divisor of 594 and 4590.
54
What is the highest common divisor of 4199 and 28067?
221
What is the greatest common factor of 58 and 3737375?
29
What is the greatest common factor of 1570 and 17174230?
1570
What is the greatest common divisor of 1728 and 1782?
54
Calculate the highest common factor of 56870 and 15.
5
What is the highest common factor of 41640 and 660?
60
What is the greatest common divisor of 70008 and 96?
24
Calculate the greatest common factor of 65242 and 2.
2
Calculate the greatest common divisor of 17030 and 78.
26
Calculate the highest common divisor of 58 and 223271.
29
What is the greatest common divisor of 3738 and 109470?
534
Calculate the highest common factor of 16 and 67576.
8
What is the highest common divisor of 4393 and 2101?
191
Calculate the greatest common divisor of 26172 and 126.
18
Calculate the highest common factor of 495 and 198297.
99
What is the highest common factor of 46 and 632776?
46
Calculate the greatest common factor of 5304 and 5763.
51
Calculate the greatest common divisor of 21043 and 715.
11
Calculate the highest common divisor of 460 and 119324.
92
Calculate the highest common divisor of 112 and 21168.
112
Calculate the highest common divisor of 289 and 45866.
17
What is the highest common factor of 39 and 206817?
39
What is the highest common divisor of 7904050 and 50?
50
Calculate the highest common factor of 121875 and 500.
125
What is the highest common divisor of 865250 and 250?
250
Calculate the greatest common divisor of 3560 and 27145.
445
Calculate the highest common divisor of 1050 and 4967025.
525
Calculate the highest common divisor of 405 and 6405.
15
What is the greatest common divisor of 20174 and 64526?
154
What is the highest common factor of 62 and 2539241?
31
What is the highest common divisor of 13818 and 611?
47
Calculate the highest common factor of 3330 and 45